 = 4*v**3 + 2*v - 1. Give s(l).
5
Let g be ((-6)/1)/(18/(-12)). Let t(x) = -50 - 3*x - 4*x**2 + 52 + 5*x**2. Give t(g).
6
Suppose -67*u + 188 = 590. Let g(x) = -2*x + 5. What is g(u)?
17
Let c = 65 + -63. Let y(b) = -4*b - 4. Let a(x) = x + 1. Let v(m) = c*y(m) + 9*a(m). What is v(1)?
2
Let r(n) = n**3 + 5*n**2 + 2*n + 1. Suppose 3*x - 24 = -0*x. Suppose 0 = -4*w + c - 290, -7*c + 3*c = -x. Let p be (-3)/2*w/(-54). Give r(p).
9
Let g(w) = 2*w - 1. Let z(h) = h. Let j(q) = -g(q) + 3*z(q). Let m(n) = -473*n + 1892. Let u be m(4). Give j(u).
1
Suppose -8 + 41 = -3*v + s, -v - 21 = 3*s. Let i = v + 11. Let f(w) = w - 1. Let c(k) = 1. Let d(t) = i*c(t) - f(t). Determine d(-6).
6
Let j(t) = t**2 - t - 1. Suppose 8 = 2*p, 5*p = -4*z - 1 + 5. Let y = 2 + z. Let c be (1/2)/((-1)/y). What is j(c)?
-1
Let s(q) = -4*q + 5. Let g = 47 + -38. Suppose g = -7*v + 37. Determine s(v).
-11
Let i(v) = -10*v**2 - v. Let n be (-1 + 4/(-2))/(3/6). Let d be (18 + -21)*1*2/n. Calculate i(d).
-11
Let c(u) = 8 + 1373200*u**3 - 1373199*u**3 - 5 - 5*u + 2*u**2 + 2*u**2. Suppose 5*f + 3*b + 10 + 24 = 0, 0 = -3*b - 9. Calculate c(f).
3
Let l(a) = a**2 - 2*a + 1. Suppose -2*c = -y + 2 + 3, 3*c + 12 = 3*y. Give l(y).
4
Let k(r) be the first derivative of -r**7/840 - r**6/90 - r**5/40 + r**4/12 + 4*r**3/3 + 8. Let y(w) be the third derivative of k(w). What is y(-3)?
2
Let a(s) = -5*s**3 + 2*s + 1. Let q be a(-1). Let n(m) be the first derivative of -5*m**2 + m + 0 + 4*m**2 + q. Calculate n(-2).
5
Suppose -2*x = 93 - 185. Let s(r) = -8 + 7 - x*r + 45*r - 10*r**3. Give s(-1).
10
Let v(x) = 5 - 1 + x - 2. Let c(h) = h**2 - 5*h - 25. Let u be c(-3). Determine v(u).
1
Let f = -1 - 1. Let k be (-2)/(-4) + 7/f. Let c(s) be the second derivative of -s**5/20 - s**4/4 + s**3/3 - s**2/2 - s. What is c(k)?
-7
Let q(d) be the first derivative of -d**3/3 - d**2 + 7*d - 222. Calculate q(-5).
-8
Let h(z) = 8*z - 1. Let n(p) = 8*p + 3. Let f be (-6)/(6/3)*1. Let w(q) = -8*q - 2. Let x(g) = f*n(g) - 4*w(g). Let o(a) = -7*h(a) + 6*x(a). Determine o(-1).
9
Let x(a) = -12*a**3. Suppose 125*s + 176 = 123*s. Let o = 89 + s. What is x(o)?
-12
Let p be (10/(-15))/((-1)/(-21)*-2). Let w(x) = -x - 12. Give w(p).
-19
Let m(q) = q**2 + 14*q + 13. Suppose -5*f - 3*v + v = -17, 3*f = 2*v + 23. Suppose 6*u + f*u = -143. Give m(u).
0
Let o(z) = 5*z - 4. Let r = 1175 + -1172. Calculate o(r).
11
Let b(h) = 2*h + 23. Let o(l) = -l - 13. Let f(r) = 6*b(r) + 11*o(r). Let m = -7 - -11. Determine f(m).
-1
Let k(f) be the first derivative of -10 + 4*f**2 - 2*f**3 + f - 1/4*f**4. What is k(-7)?
-6
Let v(s) be the third derivative of 0*s + 6*s**2 - 1/120*s**6 + 1/60*s**5 + 0 + 7/6*s**3 + 0*s**4. What is v(0)?
7
Let m = -6998 - -6992. Let u(h) be the first derivative of -h**4/4 - 7*h**3/3 - 2*h**2 + 3*h + 1. Determine u(m).
-9
Suppose -26*t = -51*t + 125. Let v(w) be the third derivative of w**4/24 - 5*w**3/6 - w**2. Determine v(t).
0
Let x(v) = v**3 - 7*v**2 - 10*v - 3. Let g(y) = 16*y**2 + 81*y + 13. Let l be g(-5). Determine x(l).
-19
Let k(o) = 7*o + 1. Suppose -2*r = 4 + 68. Let d = r - -37. What is k(d)?
8
Suppose 0*h = -11*h + 319. Suppose -4*m - 3 = h. Let n(p) = -2*p - 5. What is n(m)?
11
Suppose -4*g = 4 - 20. Let a(u) = -2*u + 5 + 2 - 2. Calculate a(g).
-3
Let p(v) = -8*v + 2. Let q be p(-1). Let s(t) = -t - 1. Give s(q).
-11
Suppose -239 = 13*m - 122. Let z(r) = r**3 + 10*r**2 + 4*r + 8. Give z(m).
53
Let g be (-74)/(-26) - 3 - 380/65. Let r(j) = j**3 + 7*j**2 + 6*j + 2. Give r(g).
2
Let w(t) = -7*t**2 + 19*t + 78. Let c(m) = 11*m**2 - 28*m - 121. Let d(p) = 5*c(p) + 8*w(p). Give d(13).
6
Let p(j) = -j - 136*j**2 - 143*j**2 - 3 + 408*j**2 - 130*j**2. Let s = 0 - -3. What is p(s)?
-15
Let n(u) = u**2 - u - 266. Let v be n(-16). Let h(d) = d**2 - 9*d + 4. What is h(v)?
-14
Let h(l) be the first derivative of -4*l + 0*l**2 - 1/4*l**4 + 21 + 1/3*l**3. Determine h(0).
-4
Suppose 0 = 2*d + d + 5*d. Let u(b) = 2 + 5*b + b**2 - 3*b + d - 2*b**2 + 2*b**3. Give u(-2).
-22
Let s(n) = n**3 - 6*n**2 - 4*n - 4. Let u(a) = -20*a + 1. Let y be u(-2). Suppose 42*o - y*o - 6 = 0. Give s(o).
-28
Let u(j) = j**3 + 2*j**2 - 4*j - 4. Suppose -5*l - 20 = 5*x, -l + 12 - 4 = -2*x. Calculate u(x).
-20
Let m(k) = -k**3 + 7*k**2 - 4*k + 6. Suppose i - 4*x + 10 = 3*i, 4*x = -4*i + 24. Let t(z) = z**2 - 5*z - 8. Let p be t(i). Determine m(p).
18
Let y be 2*6/3 + -2. Let s be (1 + -36)/(-1) - y. Let o(z) = -s + z + 32 + 0*z. What is o(2)?
1
Let t(d) = -d**3 + 18*d**2 - 19*d + 32. Let g be t(17). Let s(k) = 2*k**3 - 2*k**2 - 2*k - 3. What is s(g)?
-23
Let b = -113 + 118. Let m(u) = u + 6. What is m(b)?
11
Let y(i) = 47*i**2 + 9*i + 43. Let u(q) = -86*q**2 - 18*q - 85. Let a(s) = 6*u(s) + 11*y(s). Give a(12).
-1
Let o(j) = -12*j + 0 - j**2 - 12 - 2*j**2 + 0*j**2 + 2*j**2. What is o(-10)?
8
Let p(v) be the second derivative of -v**5/20 + v**4/12 + 2*v**3/3 + 6*v + 22. Calculate p(3).
-6
Let m(q) = -4*q - 1. Let r be m(-2). Let v(n) = -2*n**2 - 7 + 10 + 4*n + 3*n + n**2 + 0. What is v(r)?
3
Let v(b) be the first derivative of -5*b**3/3 + 10*b**2 - b + 276. Calculate v(4).
-1
Let h = -109 - -105. Let w(p) = -p**2 + 14*p - 8. Let c(q) = -2*q**2 + 27*q - 15. Let n(b) = h*c(b) + 7*w(b). What is n(8)?
-12
Let h(a) be the third derivative of a**4/12 - a**3/2 + 283*a**2. Calculate h(10).
17
Let s(j) be the second derivative of j**3/6 - 3*j**2/2 + 3*j - 44. Determine s(-6).
-9
Let j(u) = 3*u**2 + 15*u - 4. Let p(m) = -2*m**2 - 10*m + 2. Let d(f) = -5*j(f) - 8*p(f). Give d(-6).
10
Let l(f) = -f**3 - 8*f**2 - 2*f - 3. Suppose -26 = 6*w - 14. Let i(n) = -2*n**3 - 8*n**2 - 3*n - 2. Let c(r) = w*i(r) + 3*l(r). Calculate c(8).
-5
Suppose 5*r - 20 = 5. Suppose r*u - 4*u - 4 = -h, -12 = -4*u - 2*h. Suppose -u*v + v + 2 = 0. Let s(i) = -i + 1. Give s(v).
-1
Let g(r) = -r**3 - r**2 + 4*r + 3. Let n be g(-3). Let d = -15 + n. Let a(l) = -9*l**2 + 8*l**2 + 1 + 4 + 2 - 19*l + 15*l. What is a(d)?
-5
Suppose 0*a + 2*h = 5*a - 1, 0 = -2*a - 2*h - 8. Let l be a + 1*(-3)/1. Let n(b) = 2*b. Give n(l).
-8
Let o(i) be the second derivative of 0 + 7/12*i**4 + 1/2*i**2 + 6*i - 1/20*i**5 - i**3. Determine o(6).
1
Let k(u) be the first derivative of -u**4/4 - 4*u**3/3 + u**2/2 - 3*u - 48. Calculate k(-3).
-15
Let d(g) be the first derivative of 1/3*g**3 - 1 - g - 2*g**2. Suppose -13*w + 70 = 5. Calculate d(w).
4
Let x(d) = -5*d**2 + 21*d + 20. Let j be x(5). Let q(z) be the third derivative of z**6/120 - z**4/24 - z**3/2 + 4*z**2. What is q(j)?
-3
Let u(k) = 2*k**2 + 6*k + 4. Let f be u(-1). Let v(o) = f + o + 5 - 3. Determine v(-7).
-5
Suppose 5*z - 3*c + 2 = 12, 0 = -z + 5*c + 24. Let u be z/(-3)*(-12 + 0). Let x be (6/u)/((-6)/20). Let q(f) = -f**3 + 6*f**2 - 6*f - 1. Calculate q(x).
-6
Let t(i) be the first derivative of i**3/3 + i**2 - 3*i - 237. Determine t(-5).
12
Let y = -23828 + 23824. Let w(b) be the second derivative of -b**4/6 - 7*b**3/6 - 2*b**2 + b. Determine w(y).
-8
Let b(c) be the second derivative of -c**5/20 + 5*c**4/6 - c**3/3 + 7*c**2 - 4*c - 57. Determine b(10).
-6
Let z(g) be the third derivative of g**6/120 - 4*g**5/15 - 17*g**4/24 - 5*g**3/6 - 28*g**2. Determine z(17).
-5
Let y(p) = -15*p - 9. Let n(k) = 3*k. Let f(w) = 6*n(w) + y(w). Calculate f(5).
6
Let h be ((-1)/2 - 0)*-4. Let j(m) = -4 + 4 - 5*m**h. Suppose 14*o + 24 = 10. Give j(o).
-5
Suppose 214 = -6*p - 74. Let r = p - -40. Let s(u) = -u**2 - 9*u - 10. Give s(r).
-2
Let d(j) be the second derivative of 0 + 1/2*j**4 - 1/20*j**5 + 9*j + 7/2*j**2 - 5/6*j**3. Determine d(5).
7
Let x(l) = -2 + 2*l + l**2 - 2*l. Let j = -36 + 41. Suppose 0 = -3*n - 5*g - 11, -j*n - g - 6 = -5*g. What is x(n)?
2
Let v(i) be the second derivative of i**3/3 - 13*i. Let z be 3/(-2)*4/(-2). What is v(z)?
6
Let z(r) = -7*r + 2. Let x(d) = -43*d - 6. Let n(y) = -x(y) + 6*z(y). What is n(-6)?
12
Let i = 11 - -7. Let z be 2/9 + 14/i. Let w(c) be the second derivative of 13*c**5/20 - c**4/6 + c**3/3 - c**2/2 - 2*c. Give w(z).
12
Suppose l = 3*w, -2*l + 5*w = 4*w + 10. Let k(g) = 1 - g + 3 - 1. Calculate k(l).
9
Let f be 43*1 + (2 - 0). Let r be (-52)/(-10)*f/18. Let z = r - 10. Let x(h) = h**3 - 4*h**2 + h. What is x(z)?
-6
Let m be (-16)/40 + (-52)/(-5). Let v(x) = -x - m*x + 7 + 9*x. Let g be v(6). Let b(q) = q + 1.